{"id":377,"date":"2011-07-13T08:18:25","date_gmt":"2011-07-13T08:18:25","guid":{"rendered":"http:\/\/vergessenes.wordpress.com\/?page_id=2"},"modified":"2023-10-30T17:18:39","modified_gmt":"2023-10-30T16:18:39","slug":"about","status":"publish","type":"page","link":"https:\/\/lost-saarlorlux.de\/?page_id=377","title":{"rendered":"about"},"content":{"rendered":"<p><script async src=\"https:\/\/pagead2.googlesyndication.com\/pagead\/js\/adsbygoogle.js?client=ca-pub-0325738321978268\"\n     crossorigin=\"anonymous\"><\/script><\/p>\n<p><img loading=\"lazy\" decoding=\"async\" class=\"aligncenter wp-image-345 size-medium\" src=\"http:\/\/lost-saarlorlux.de\/wp-content\/uploads\/2013\/07\/dsc_0033-199x300.jpg\" alt=\"me\" width=\"199\" height=\"300\" srcset=\"https:\/\/lost-saarlorlux.de\/wp-content\/uploads\/2013\/07\/dsc_0033-199x300.jpg 199w, https:\/\/lost-saarlorlux.de\/wp-content\/uploads\/2013\/07\/dsc_0033-678x1024.jpg 678w, https:\/\/lost-saarlorlux.de\/wp-content\/uploads\/2013\/07\/dsc_0033.jpg 2048w\" sizes=\"(max-width: 199px) 100vw, 199px\" \/><\/p>\n<p>&nbsp;<\/p>\n<p>&nbsp;<\/p>\n<p style=\"text-align: left;\">Wer sich fragt: &#8222;Was ist dieses Urban Exploration?&#8220; kann sich hier informieren:<\/p>\n<p style=\"text-align: left;\"><a href=\"http:\/\/de.wikipedia.org\/wiki\/Urban_Exploration\" target=\"_blank\" rel=\"noopener\">Wikipedia : Urban_Exploration<\/a><\/p>\n<p style=\"text-align: left;\">Schon in meiner fr\u00fchen Kindheit kam ich, gezwungenerma\u00dfen, mit den Hinterlassenschaften des letzten Weltkrieges in Ber\u00fchrung. \u00a0Aus diesem &#8222;Zwang&#8220; wurde irgendwann eine Leidenschaft. Heute faszinieren mich nicht mehr nur die vielen Bunker des Westwall\u00a0in meiner Heimat, sondern auch die jenseits der &#8222;Grenze&#8220; liegenden Werke der Maginotlinie, Kaiserlich deutsche Festungen oder einfach nur leerstehende Industrie, Gewerbe oder\u00a0Wohnh\u00e4user.<\/p>\n<p style=\"text-align: left;\">Einige wenige werden sich vielleicht\u00a0fragen, warum man nur selten bis gar nicht Ortsangaben hier findet. Die Erkl\u00e4rung daf\u00fcr ist eigentlich recht simpel. Zu oft werden solche Orte bereits von Vandalen heimgesucht die nichts anderes im Sinn haben ihre Aggressionen aus ihrem k\u00fcmmerlichen Leben an unbeweglichen Dingen auszulassen. Etwaige Anfragen zu Orten werden daher auch nicht beantwortet.<\/p>\n<p>&nbsp;<\/p>\n","protected":false},"excerpt":{"rendered":"<p>&nbsp; &nbsp; Wer sich fragt: &#8222;Was ist dieses Urban Exploration?&#8220; kann sich hier informieren: Wikipedia : Urban_Exploration Schon in meiner fr\u00fchen Kindheit kam ich, gezwungenerma\u00dfen, mit den Hinterlassenschaften des letzten Weltkrieges in Ber\u00fchrung. \u00a0Aus diesem &#8222;Zwang&#8220; wurde irgendwann eine Leidenschaft. Heute faszinieren mich nicht mehr nur die vielen Bunker des Westwall\u00a0in meiner Heimat, sondern auch [&hellip;]<\/p>\n","protected":false},"author":1,"featured_media":0,"parent":0,"menu_order":0,"comment_status":"open","ping_status":"open","template":"","meta":{"_exactmetrics_skip_tracking":false,"_exactmetrics_sitenote_active":false,"_exactmetrics_sitenote_note":"","_exactmetrics_sitenote_category":0,"footnotes":""},"_links":{"self":[{"href":"https:\/\/lost-saarlorlux.de\/index.php?rest_route=\/wp\/v2\/pages\/377"}],"collection":[{"href":"https:\/\/lost-saarlorlux.de\/index.php?rest_route=\/wp\/v2\/pages"}],"about":[{"href":"https:\/\/lost-saarlorlux.de\/index.php?rest_route=\/wp\/v2\/types\/page"}],"author":[{"embeddable":true,"href":"https:\/\/lost-saarlorlux.de\/index.php?rest_route=\/wp\/v2\/users\/1"}],"replies":[{"embeddable":true,"href":"https:\/\/lost-saarlorlux.de\/index.php?rest_route=%2Fwp%2Fv2%2Fcomments&post=377"}],"version-history":[{"count":8,"href":"https:\/\/lost-saarlorlux.de\/index.php?rest_route=\/wp\/v2\/pages\/377\/revisions"}],"predecessor-version":[{"id":599,"href":"https:\/\/lost-saarlorlux.de\/index.php?rest_route=\/wp\/v2\/pages\/377\/revisions\/599"}],"wp:attachment":[{"href":"https:\/\/lost-saarlorlux.de\/index.php?rest_route=%2Fwp%2Fv2%2Fmedia&parent=377"}],"curies":[{"name":"wp","href":"https:\/\/api.w.org\/{rel}","templated":true}]}}